3*t + 3*y = t, -12 = -2*t + 3*y. Suppose -t*o + 60 = -150. Let f = -6 - -16. Calculate the greatest common divisor of o and f.
10
Let d be 34 + (-4)/(5*(-14)/(-105)). Calculate the greatest common factor of 1092 and d.
28
Suppose -4*r + 5*r - 66 = -3*d, -2*r - 2*d = -140. Let w be (6/(-4))/(7/42). Let s be -12*((-30)/w - 4). What is the greatest common factor of r and s?
8
Suppose 114 + 62 = 8*c. Suppose 2*s - 234 = -58. What is the highest common divisor of c and s?
22
Let c be -4*(-2)/1*-3. Let r = -15 - c. What is the greatest common divisor of r and 81?
9
Let k = 34 - 22. Let l be 14 + (22 - 0/13). What is the greatest common divisor of l and k?
12
Let z = 138 - 67. Let f = z - 31. Calculate the greatest common divisor of f and 10.
10
Let o be (-3428)/(-40) + (-72)/(-240). What is the highest common divisor of o and 6?
2
Suppose 1 - 3 = -2*b. Let q be -1*19/(-4) + 17/68. What is the highest common factor of q and b?
1
Suppose -4*l + l = -90. Suppose l = -7*s + 10*s. Calculate the greatest common factor of 30 and s.
10
Suppose -8*d - 238 = -22*d. What is the greatest common divisor of 391 and d?
17
Let w = -127 + 158. What is the highest common divisor of 496 and w?
31
Let c(l) = -2*l**3 - 7*l**2 + 3. Let w be c(0). Let j be 233/7 - 2/7. Calculate the highest common factor of j and w.
3
Let u = 64 + -62. Suppose 6*m = u*m - 5*v + 77, -2*m = -v - 21. What is the greatest common divisor of 117 and m?
13
Suppose 2*f - 65 = -3*a, -4*f + a - 2*a = -155. Let g be (-2 - -6) + (24/6 - -52). Calculate the highest common divisor of f and g.
20
Let r(l) = -2*l - 5. Let j be r(-5). Suppose -j - 13 = -d. Suppose 2*q = -4*q + d. Calculate the highest common divisor of 2 and q.
1
Let w = 1105 + -668. Calculate the highest common factor of w and 23.
23
Let t(m) = -50*m - 1332. Let y be t(-29). Calculate the highest common divisor of y and 3658.
118
Let n = 202 + -186. What is the highest common divisor of 176 and n?
16
Let f be (-3 + -1)/(-1) + 20. Suppose -t - 1 = -3. Suppose 0 = -t*l + l + 3. Calculate the greatest common factor of f and l.
3
Let r be (-6)/(-9)*(-42)/(-4). Let v(w) = 3*w**2 - w - 1 - r*w + 9*w. Let f be v(-2). What is the greatest common factor of f and 54?
9
Let y(k) = 40*k**2 + 23*k + 8. Let l be y(-5). Calculate the highest common divisor of l and 141.
47
Suppose 0 = -c - u + 742, 4*c = -u + 427 + 2550. What is the greatest common divisor of c and 5?
5
Suppose 7*v - 3*v = 1272. What is the greatest common factor of v and 530?
106
Suppose 5*a = 5*x - 110, 4*x - 2*a + 4*a - 82 = 0. Calculate the greatest common divisor of 42 and x.
21
Suppose r = -3 + 14. Let z(o) = 23*o - 1. Let g be z(r). Calculate the highest common divisor of 28 and g.
28
Let i = 73 - -2. Let a = 62 - 32. What is the highest common factor of i and a?
15
Let m = -234 + 276. What is the highest common divisor of m and 21?
21
Let c be 6/((-3 + 2)*-2). Suppose -69 = -a + 2*l, 8*l - 97 = -a + c*l. Calculate the greatest common factor of 11 and a.
11
Suppose -403 = 4*s - 1371. Let u(a) = 3*a - 5. Let y be u(9). Calculate the highest common divisor of s and y.
22
Suppose 2*x - 7*x - 4*w = -716, 404 = 3*x - 4*w. Calculate the highest common factor of x and 60.
20
Suppose 3*l + 33 = -24. Let y = l - -24. Suppose 4*s - 4*f = 12 + 20, 72 = y*s + 3*f. What is the greatest common divisor of 96 and s?
12
Let p(d) = -d**3 - 3*d**2 - 4*d. Let i be p(-2). Suppose x + 0*x - i = 0. Suppose 2*t - x*t = -160. What is the highest common factor of 10 and t?
10
Let p be -36*(0 - 1/2). Let s be -14 + (-23)/(6 - 7). Calculate the highest common divisor of s and p.
9
Suppose 144 = 3*q + 54. Suppose 5*n = 4*l + q, -3*l + 20 = -5*l + 5*n. Let c be (60/l)/(6/(-28)). Calculate the highest common factor of c and 7.
7
Let f = 561 + -428. Calculate the greatest common factor of f and 57.
19
Let o(c) = -c - 5. Let r be o(-8). Suppose 9*n - 3*l = 7*n - 5, -4*n - 1 = -r*l. Calculate the greatest common divisor of n and 2.
2
Let f(r) = 2*r**3 + 19*r**2 + 6*r. Let t be f(-9). Calculate the highest common divisor of t and 18.
9
Let k be (-2)/9 + 440/36. Let n = k - 7. Suppose -4*b + 59 = 5*z, -n*z + 4*b + 57 + 34 = 0. What is the greatest common divisor of 120 and z?
15
Let c = 197 - 162. What is the highest common divisor of c and 28?
7
Let d(u) = -2*u - 3*u**3 + 6*u**3 + 2 - 5*u**3 - 7*u**2 + 3*u**3. Let y be d(8). Calculate the greatest common divisor of 20 and y.
10
Let j(t) = t**3 - 2*t - 5. Let v be j(-4). Let b be (-106)/3 - -6*10/180. Let i = b - v. Calculate the highest common divisor of 234 and i.
26
Suppose 0 = m - 2*x + 3*x - 35, 25 = -5*x. Let v = -33 + m. What is the greatest common factor of v and 28?
7
Let j be (128 - (-6)/3) + (-8 - -6). Suppose 7*t + j = 11*t. What is the highest common factor of t and 8?
8
Let s(f) = -13*f**2 + 366*f + 12. Let h be s(28). What is the greatest common factor of 340 and h?
68
Let d = -781 + 1297. Calculate the greatest common divisor of 24 and d.
12
Suppose -4*m + 131 = 43. Let z(x) = x**2 + 4*x - 11. Let k be z(-10). Suppose -k*l + 48*l = -33. What is the greatest common factor of m and l?
11
Suppose -25 = 6*x + 5. Let b be x/(10/(-108)) + (-10 - -10). Calculate the greatest common divisor of 36 and b.
18
Let d(x) = x**3 - 23*x**2 - 52*x + 29. Let v be d(25). Suppose 54 = 4*l - 54. Let n = l + v. Calculate the highest common divisor of n and 60.
6
Let o be (-2)/5 - (-216)/40. Suppose -2*i + 7*i = -4*r + 335, -o*i = -3*r + 295. Calculate the greatest common divisor of r and 36.
18
Suppose 13*g = 14*g - 79. Let h = g - 78. What is the greatest common divisor of h and 8?
1
Suppose 0 = c - 2*w - 676 + 161, -1031 = -2*c + 5*w. Suppose 129 - c = -8*p. What is the highest common divisor of 192 and p?
48
Let p(b) = b**2 + 3*b + 1. Let y be (-3)/(-5)*1*-5. Let u be p(y). Suppose -3*j + 13 = u. What is the greatest common divisor of j and 32?
4
Suppose 2*p - 24 = 4*s, -s - 15 - 9 = 4*p. Let f = s + 110. What is the greatest common factor of 68 and f?
34
Suppose 6*o + 15*o - 21 = 0. Let m be (-5)/o*(-36)/10. Calculate the highest common divisor of m and 162.
18
Let t(w) = 9*w**3 + 2*w**2 + 5*w + 5. Let l be t(-2). Let a be (-29 - 1)*46/l. Calculate the greatest common divisor of 10 and a.
10
Suppose 0 = -7*b + 91 + 231. Suppose -3*z + 15 = 0, 2*p + 5*z - 3*z - 654 = 0. What is the highest common divisor of b and p?
46
Let b = -1140 + 1195. Suppose -z + 5*z - 44 = 0. Calculate the highest common divisor of z and b.
11
Let r(l) = -l**3 + 37*l**2 + 13*l - 65. Let d be r(37). What is the highest common divisor of 32 and d?
32
Suppose -1488 = 2*u - 6*u - 4*q, 0 = 4*q. What is the greatest common factor of u and 24?
12
Let h = 134 + -110. Suppose -h*a = -13*a - 55. Calculate the greatest common divisor of a and 35.
5
Let b be 7891/260*4 - (-9)/15. Calculate the highest common divisor of 3294 and b.
122
Suppose -5*p + 3*l = -129, 0*p = -4*p - 3*l + 87. Let v = 424 - 418. What is the highest common factor of p and v?
6
Let y(t) = 6*t. Let l be y(6). Let f be 4/18 + 64/l. Suppose f*c + 9 = 3*c. Calculate the greatest common divisor of 9 and c.
9
Let a be 10*(-3)/2 - 0/9. Let p = a + 28. Calculate the greatest common factor of p and 117.
13
Let z(c) = c**3 + 44*c**2 - 95*c - 117. Let o be z(-46). Calculate the greatest common factor of o and 12.
3
Let m = 254 - 22. Suppose -9*k + 63 = -198. Calculate the highest common divisor of k and m.
29
Let j = 1 + 9. Suppose -n = n - j. Let v(c) = 21*c + 12. Let k be v(n). What is the greatest common divisor of k and 13?
13
Let y = 33 + -30. Suppose -5*b + 17 = s, -y*s + 29 = -s + 5*b. Let c(d) = -84*d**3 + d**2 - 1. Let r be c(-1). What is the highest common factor of s and r?
12
Suppose -3*b = 34*b - 1554. Calculate the highest common factor of 2142 and b.
42
Let w(a) = -3*a - 1. Let i be w(-4). Suppose -4*y = -i - 37. Suppose -v = -36 + y. What is the greatest common divisor of 120 and v?
24
Let o be (-4)/22 + (-30304)/176*-1. What is the highest common divisor of 559 and o?
43
Let q be 32/8 + (0 - (-1611 + 0)). Calculate the greatest common divisor of 170 and q.
85
Suppose -30 + 142 = 3*i + 5*q, -4*q = -5*i + 199. What is the highest common divisor of i and 65?
13
Suppose -2*a - 4*h = 42 - 12, -4*a + 5*h - 60 = 0. Let z = a + 3